{"id":3636,"date":"2019-01-21T20:58:17","date_gmt":"2019-01-21T20:58:17","guid":{"rendered":"http:\/\/regdoc.hu\/?page_id=3636"},"modified":"2019-01-21T21:07:48","modified_gmt":"2019-01-21T21:07:48","slug":"referenciak","status":"publish","type":"page","link":"http:\/\/regdoc.hu\/?page_id=3636","title":{"rendered":"Referenci\u00e1k"},"content":{"rendered":"\n<p><strong>REG-Doc rendszer\u00fcnk f\u0151bb referenciahelyei:<\/strong><\/p>\n\n\n\n<ul class=\"wp-block-list\"><li>Magyar Nemzeti Vagyonkezel\u0151 Zrt. Kiving Kft.<\/li><li>Magyar Nemzeti Vagyonkezel\u0151 Zrt. HSSC Kft.<\/li><li>Magyar Nemzeti Vagyonkezel\u0151 Zrt. NIP\u00dcF Zrt.<\/li><li>Magyar Tudom\u00e1nyos Akad\u00e9mia \u2013 CSFK<\/li><li>Yanfeng Hungary Automotive Interior Systems Kft.<\/li><li>Fresenius Kabi Hungary Kft.<\/li><li>Merkapt Zrt.<\/li><li>Equilor Befektet\u00e9si Zrt.<br><\/li><li>Magyar \u00dcgyv\u00e9dek Biztos\u00edt\u00f3 \u00e9s Seg\u00e9lyez\u0151 Egyes\u00fclete<\/li><li>KIKFOR &#8211; Kecskem\u00e9ti Ingatlankezel\u0151 \u00e9s forgalmaz\u00f3 Kft.<\/li><li>Autonet Import Srl. c\u00e9gcsoport (Rom\u00e1nia, Magyarorsz\u00e1g, Szlov\u00e1kia)<\/li><li>T\u00dcV-Rheinland \u2013 Minell Kft. <\/li><li>Inter-Ambulance Zrt.<\/li><li>Miskolci Nemzeti Sz\u00ednh\u00e1z<\/li><li>Kerox Ipari \u00e9s kereskedelmi Kft.<\/li><li>Multifaktoring Zrt.<\/li><li>Green Job Kft. (Magyarorsz\u00e1g, Ausztria, N\u00e9metorsz\u00e1g)<\/li><li>HUNGAST c\u00e9gcsoport<\/li><\/ul>\n","protected":false},"excerpt":{"rendered":"<p>REG-Doc rendszer\u00fcnk f\u0151bb referenciahelyei: Magyar Nemzeti Vagyonkezel\u0151 Zrt. Kiving Kft. Magyar Nemzeti Vagyonkezel\u0151 Zrt. HSSC Kft. Magyar Nemzeti Vagyonkezel\u0151 Zrt. NIP\u00dcF Zrt. Magyar Tudom\u00e1nyos Akad\u00e9mia \u2013 CSFK Yanfeng Hungary Automotive Interior Systems Kft. Fresenius Kabi Hungary Kft. Merkapt Zrt. Equilor Befektet\u00e9si Zrt. Magyar \u00dcgyv\u00e9dek Biztos\u00edt\u00f3 \u00e9s Seg\u00e9lyez\u0151 Egyes\u00fclete KIKFOR &#8211; Kecskem\u00e9ti Ingatlankezel\u0151 \u00e9s forgalmaz\u00f3 Kft. Autonet Import Srl. c\u00e9gcsoport (Rom\u00e1nia, Magyarorsz\u00e1g, Szlov\u00e1kia) T\u00dcV-Rheinland \u2013 Minell Kft. Inter-Ambulance Zrt. Miskolci Nemzeti Sz\u00ednh\u00e1z Kerox Ipari \u00e9s kereskedelmi Kft. Multifaktoring Zrt. Green Job&hellip;<\/p>\n","protected":false},"author":1,"featured_media":0,"parent":0,"menu_order":0,"comment_status":"closed","ping_status":"closed","template":"","meta":{"footnotes":""},"class_list":["post-3636","page","type-page","status-publish","hentry"],"_links":{"self":[{"href":"http:\/\/regdoc.hu\/index.php?rest_route=\/wp\/v2\/pages\/3636","targetHints":{"allow":["GET"]}}],"collection":[{"href":"http:\/\/regdoc.hu\/index.php?rest_route=\/wp\/v2\/pages"}],"about":[{"href":"http:\/\/regdoc.hu\/index.php?rest_route=\/wp\/v2\/types\/page"}],"author":[{"embeddable":true,"href":"http:\/\/regdoc.hu\/index.php?rest_route=\/wp\/v2\/users\/1"}],"replies":[{"embeddable":true,"href":"http:\/\/regdoc.hu\/index.php?rest_route=%2Fwp%2Fv2%2Fcomments&post=3636"}],"version-history":[{"count":2,"href":"http:\/\/regdoc.hu\/index.php?rest_route=\/wp\/v2\/pages\/3636\/revisions"}],"predecessor-version":[{"id":3644,"href":"http:\/\/regdoc.hu\/index.php?rest_route=\/wp\/v2\/pages\/3636\/revisions\/3644"}],"wp:attachment":[{"href":"http:\/\/regdoc.hu\/index.php?rest_route=%2Fwp%2Fv2%2Fmedia&parent=3636"}],"curies":[{"name":"wp","href":"https:\/\/api.w.org\/{rel}","templated":true}]}}