{"id":3618,"date":"2019-01-21T20:51:54","date_gmt":"2019-01-21T20:51:54","guid":{"rendered":"http:\/\/regdoc.hu\/?page_id=3618"},"modified":"2019-01-22T07:45:36","modified_gmt":"2019-01-22T07:45:36","slug":"a-reg-doc-rendszerbe-implementalhato-modulok","status":"publish","type":"page","link":"http:\/\/regdoc.hu\/?page_id=3618","title":{"rendered":"Be\u00e9p\u00fcl\u0151 modulok"},"content":{"rendered":"\n<p>Reg-Doc rendszer\u00fcnkbe az eltelt id\u0151szakban sz\u00e1mos\nimplement\u00e1lhat\u00f3 modult fejlesztett\u00fcnk. <\/p>\n\n\n\n<ul class=\"wp-block-list\"><li>Sz\u00e1mlakezel\u00e9s \u00e9s j\u00f3v\u00e1hagy\u00e1s<\/li><li>Sz\u00e1ml\u00e1z\u00e1s<\/li><li>HR modul<\/li><li>Szabads\u00e1g ig\u00e9nyl\u00f3 \u00e9s j\u00f3v\u00e1hagy\u00f3 modul<\/li><li>CRM modul<\/li><li>Er\u0151forr\u00e1s \u00fctemez\u00e9s<\/li><li>Eszk\u00f6z nyilv\u00e1ntart\u00e1s \u00e9s rakt\u00e1roz\u00e1s<\/li><li>Anyag nyilv\u00e1ntart\u00e1s \u00e9s rakt\u00e1roz\u00e1s<\/li><li>Timesheet modul<\/li><\/ul>\n\n\n\n<p>Ezeket a modulokat integr\u00e1lni tudjuk  rendszer\u00fcnkbe, kieg\u00e9sz\u00edtve ak\u00e1r a megrendel\u0151 \u00e1ltal megfogalmazott ig\u00e9nyek szerint.<\/p>\n\n\n\n<p>A megold\u00e1snak sz\u00e1mos el\u0151nye van:<\/p>\n\n\n\n<ul class=\"wp-block-list\"><li>nincsenek kommunik\u00e1ci\u00f3s probl\u00e9m\u00e1k a m\u00e1s-m\u00e1s\nc\u00e9gek \u00e1ltal fejlesztett r\u00e9sz rendszerek k\u00f6z\u00f6tt,<\/li><li>nincsenek az interf\u00e9sz modulok kialak\u00edt\u00e1sra\nford\u00edtand\u00f3 plusz k\u00f6lts\u00e9gek,<\/li><li>minden adat egyszer ker\u00fcl a rendszerbe, \u00e9s a\nmegfelel\u0151 modulban, a megfelel\u0151 form\u00e1ban el\u00e9rhet\u0151,<\/li><li>egys\u00e9ges fel\u00fclet,<\/li><li>egys\u00e9ges jogosults\u00e1gi rendszer,<\/li><li>egy telefonsz\u00e1m \u2013 a t\u00e1mogat\u00e1si feladatokat a\nteljes rendszerre ell\u00e1tjuk, nincsenek felel\u0151ss\u00e9g megoszt\u00e1si, kompetencia\nmegoszt\u00e1si vit\u00e1k a fejleszt\u0151 c\u00e9gek k\u00f6z\u00f6tt,<\/li><li>teljes k\u00f6r\u0171 szolg\u00e1ltat\u00e1s ny\u00fajt\u00e1sa \u2013 nem kell a fejleszt\u0151c\u00e9gek\nk\u00f6z\u00f6tti egyeztet\u00e9sekre id\u0151t \u00e9s p\u00e9nzt ford\u00edtani, az ig\u00e9nyelt v\u00e1ltoztat\u00e1s a\nteljes rendszeren kereszt\u00fcl hat\u00e9konyan, gyorsan \u00e1tvezethet\u0151,<\/li><li>b\u00e1rmilyen egyedi fejleszt\u00e9s vagy\ntov\u00e1bbfejleszt\u00e9s megrendelhet\u0151.<\/li><\/ul>\n\n\n\n<h2 class=\"wp-block-heading\">Sz\u00e1mlakezel\u00e9s \u2013 teljes\u00edt\u00e9s igazol\u00e1s \u00e9s kifizet\u00e9s enged\u00e9lyez\u00e9s<\/h2>\n\n\n\n<p>A modul c\u00e9lja, hogy a be\u00e9rkezett \u00e9s iktatott sz\u00e1ml\u00e1kat a jogosults\u00e1ggal rendelkez\u0151 felhaszn\u00e1l\u00f3k leigazolhass\u00e1k \u2013 a teljes\u00edt\u00e9s megt\u00f6rt\u00e9nt \u2013 majd a p\u00e9nz\u00fcgyi vezet\u0151k enged\u00e9lyezhess\u00e9k annak kifizet\u00e9s\u00e9t. A sz\u00e1ml\u00e1kat munkasz\u00e1mokhoz lehet rendelni, melynek lehet felel\u0151s \u00fcgyint\u00e9z\u0151je. Az iktat\u00e1s sor\u00e1n a rendszer eleve ezt a felhaszn\u00e1l\u00f3t aj\u00e1nlja fel \u00fcgyint\u00e9z\u0151nek (\u00e1t\u00edrhat\u00f3an). A k\u00e9s\u0151bbiekben a rendszer ehhez az \u00fcgyint\u00e9z\u0151h\u00f6z sorolja be a sz\u00e1ml\u00e1t a teljes\u00edt\u00e9s igazol\u00e1s\u00e1ra. A rendszer lesz\u0171ri a bejelentkezett felhaszn\u00e1l\u00f3ra a hozz\u00e1 tartoz\u00f3 sz\u00e1ml\u00e1kat \u00e9s csak azokat jelen\u00edti meg sz\u00e1m\u00e1ra.<\/p>\n\n\n\n<p>Az \u00edgy leigazolt sz\u00e1ml\u00e1kat a p\u00e9nz\u00fcgyi vezet\u0151k\/felel\u0151s\u00f6k\nhagyhatj\u00e1k j\u00f3v\u00e1, azaz enged\u00e9lyezhetik kifizethet\u0151s\u00e9g\u00fcket.<\/p>\n\n\n\n<div class=\"wp-block-image\"><figure class=\"aligncenter\"><img loading=\"lazy\" decoding=\"async\" width=\"1024\" height=\"555\" src=\"http:\/\/regdoc.hu\/wp-content\/uploads\/2019\/01\/K\u00e9pkiv\u00e1g\u00e1s-1024x555.jpg\" alt=\"\" class=\"wp-image-3619\" srcset=\"http:\/\/regdoc.hu\/wp-content\/uploads\/2019\/01\/K\u00e9pkiv\u00e1g\u00e1s-1024x555.jpg 1024w, http:\/\/regdoc.hu\/wp-content\/uploads\/2019\/01\/K\u00e9pkiv\u00e1g\u00e1s-300x163.jpg 300w, http:\/\/regdoc.hu\/wp-content\/uploads\/2019\/01\/K\u00e9pkiv\u00e1g\u00e1s-768x416.jpg 768w, http:\/\/regdoc.hu\/wp-content\/uploads\/2019\/01\/K\u00e9pkiv\u00e1g\u00e1s.jpg 1040w\" sizes=\"auto, (max-width: 1024px) 100vw, 1024px\" \/><\/figure><\/div>\n\n\n\n<p>A rendszerben szab\u00e1lyalap\u00fa j\u00f3v\u00e1hagy\u00e1si rendszer m\u0171k\u00f6dik,\nazaz meg lehet hat\u00e1rozni, hogy egy-egysz\u00e1mlat\u00edpus, adott \u00e9rt\u00e9khat\u00e1rok k\u00f6z\u00f6tt,\nki \u00e1ltal hagyhat\u00f3 j\u00f3v\u00e1?<\/p>\n\n\n\n<p>Pl. l\u00e9trehozhat\u00f3 \u201eSz\u00e1ll\u00edt\u00e1si sz\u00e1mla\u201d t\u00edpus \u00e9s azon bel\u00fcl 0 &#8211;\n100 000 Ft \u00e9s 100 001 \u2013 1 000 000 Ft-ig tart\u00f3 \u00e9rt\u00e9khat\u00e1r. A k\u00e9t \u00e9rt\u00e9khat\u00e1rhoz\nhozz\u00e1rendelhet\u0151 egy-egy felhaszn\u00e1l\u00f3, akihez besorolja az ilyen t\u00edpus\u00fa \u00e9s az\n\u00e9rt\u00e9khat\u00e1ron bel\u00fcli \u00f6sszeggel iktatott sz\u00e1ml\u00e1t a rendszer, j\u00f3v\u00e1hagy\u00e1sra. A\nmodul lesz\u0171ri a bejelentkezett felhaszn\u00e1l\u00f3ra a hozz\u00e1 tartoz\u00f3 sz\u00e1ml\u00e1kat \u00e9s csak\nazokat jelen\u00edti meg sz\u00e1m\u00e1ra, melyeket a szab\u00e1ly alapj\u00e1n \u0151 hagyhat j\u00f3v\u00e1, azaz\nenged\u00e9lyezheti kifizethet\u0151s\u00e9g\u00fcket.<\/p>\n\n\n\n<p>A kifizethet\u0151 sz\u00e1ml\u00e1kat \u00f6n\u00e1ll\u00f3 modulban jelen\u00edti meg a\nrendszer, ezt haszn\u00e1lhatj\u00e1k a p\u00e9nz\u00fcgyi munkat\u00e1rsak, itt l\u00e1tj\u00e1k, mely sz\u00e1ml\u00e1k\nkiegyenl\u00edt\u00e9s\u00e9r\u0151l kell gondoskodniuk. A kiegyenl\u00edt\u00e9s megt\u00f6rt\u00e9nt\u00e9t jel\u00f6lni\ntudj\u00e1k, \u00edgy a p\u00e9nz\u00fcgyi vezet\u0151k err\u0151l \u00e9rtes\u00edt\u00e9st kapnak, illetve a saj\u00e1t\nmoduljukban l\u00e1tj\u00e1k a sz\u00e1mla st\u00e1tusz\u00e1t \u2013 \u2019kiegyenl\u00edtett\u2019.<\/p>\n\n\n\n<h2 class=\"wp-block-heading\">Sz\u00e1ml\u00e1z\u00e1s<\/h2>\n\n\n\n<p>Teljes k\u00f6r\u0171, a vonatkoz\u00f3 rendeleteknek megfelel\u0151 sz\u00e1ml\u00e1z\u00f3\nmodul.<\/p>\n\n\n\n<div class=\"wp-block-image\"><figure class=\"aligncenter\"><img loading=\"lazy\" decoding=\"async\" width=\"731\" height=\"542\" src=\"http:\/\/regdoc.hu\/wp-content\/uploads\/2019\/01\/K\u00e9pkiv\u00e1g\u00e1s-1.jpg\" alt=\"\" class=\"wp-image-3620\" srcset=\"http:\/\/regdoc.hu\/wp-content\/uploads\/2019\/01\/K\u00e9pkiv\u00e1g\u00e1s-1.jpg 731w, http:\/\/regdoc.hu\/wp-content\/uploads\/2019\/01\/K\u00e9pkiv\u00e1g\u00e1s-1-300x222.jpg 300w\" sizes=\"auto, (max-width: 731px) 100vw, 731px\" \/><\/figure><\/div>\n\n\n\n<p>F\u0151bb funkci\u00f3i:<\/p>\n\n\n\n<ul class=\"wp-block-list\"><li>Norm\u00e1l sz\u00e1mla k\u00e9sz\u00edt\u00e9se<\/li><li>Proforma sz\u00e1mla k\u00e9sz\u00edt\u00e9se <\/li><li>D\u00edjbek\u00e9r\u0151 sz\u00e1mla k\u00e9sz\u00edt\u00e9se <\/li><li>Export sz\u00e1mla k\u00e9sz\u00edt\u00e9se <\/li><li>Vissz\u00e1ru sz\u00e1mla k\u00e9sz\u00edt\u00e9se <\/li><li>Vissz\u00e1ru export sz\u00e1mla k\u00e9sz\u00edt\u00e9se <\/li><li>J\u00f3v\u00e1\u00edr\u00f3 sz\u00e1mla k\u00e9sz\u00edt\u00e9se <\/li><li>Helyesb\u00edt\u0151 sz\u00e1mla k\u00e9sz\u00edt\u00e9se <\/li><li>Sz\u00e1ml\u00e1k sztorn\u00f3z\u00e1sa<\/li><li>Bej\u00f6v\u0151 sz\u00e1ml\u00e1k kezel\u00e9se<\/li><li>Bej\u00f6v\u0151 sz\u00e1ml\u00e1k lek\u00e9rdez\u00e9sei, statisztik\u00e1k<\/li><li>H\u00e1zip\u00e9nzt\u00e1r \u00e9s egy\u00e9b p\u00e9nzt\u00e1rak kezel\u00e9se<\/li><li>Excel fel\u00e9 teljes k\u00f6r\u0171 export\u00e1l\u00e1s lehet\u0151s\u00e9ge\nbiztos\u00edtott<\/li><li>\u00c1fa kimutat\u00e1s k\u00e9sz\u00edt\u00e9se.<\/li><li>Banki utal\u00e1sok r\u00f6gz\u00edthet\u0151k<\/li><li>Kompenz\u00e1l\u00e1sok kezel\u00e9se<\/li><li>P\u00e9nzt\u00e1ri bizonylatokat, id\u0151szaki\np\u00e9nzt\u00e1rjelent\u00e9st, c\u00edmletjegyz\u00e9ket k\u00e9sz\u00edt<\/li><li>Valutanemenk\u00e9nti \u00f6sszes\u00edt\u00e9s<\/li><li>Egyenlegk\u00f6zl\u0151, fizet\u00e9si felsz\u00f3l\u00edt\u00e1s k\u00e9sz\u00edthet\u0151<\/li><\/ul>\n\n\n\n<h2 class=\"wp-block-heading\">HR modul<\/h2>\n\n\n\n<p>A modul a c\u00e9g HR feladatait t\u00e1mogatja. Alapadatait \u00f6n\u00e1ll\u00f3\nt\u00f6rzs\u00e1llom\u00e1ny-kezel\u0151 modulban lehet kezelni.<\/p>\n\n\n\n<div class=\"wp-block-image\"><figure class=\"aligncenter is-resized\"><img loading=\"lazy\" decoding=\"async\" src=\"http:\/\/regdoc.hu\/wp-content\/uploads\/2019\/01\/K\u00e9pkiv\u00e1g\u00e1s-2.jpg\" alt=\"\" class=\"wp-image-3621\" width=\"190\" height=\"493\" srcset=\"http:\/\/regdoc.hu\/wp-content\/uploads\/2019\/01\/K\u00e9pkiv\u00e1g\u00e1s-2.jpg 249w, http:\/\/regdoc.hu\/wp-content\/uploads\/2019\/01\/K\u00e9pkiv\u00e1g\u00e1s-2-116x300.jpg 116w\" sizes=\"auto, (max-width: 190px) 100vw, 190px\" \/><\/figure><\/div>\n\n\n\n<p>R\u00f6gz\u00edthet\u0151ek a dolgoz\u00f3i alapadatok:<\/p>\n\n\n\n<div class=\"wp-block-image\"><figure class=\"aligncenter\"><img loading=\"lazy\" decoding=\"async\" width=\"521\" height=\"393\" src=\"http:\/\/regdoc.hu\/wp-content\/uploads\/2019\/01\/K\u00e9pkiv\u00e1g\u00e1s-3.jpg\" alt=\"\" class=\"wp-image-3622\" srcset=\"http:\/\/regdoc.hu\/wp-content\/uploads\/2019\/01\/K\u00e9pkiv\u00e1g\u00e1s-3.jpg 521w, http:\/\/regdoc.hu\/wp-content\/uploads\/2019\/01\/K\u00e9pkiv\u00e1g\u00e1s-3-300x226.jpg 300w\" sizes=\"auto, (max-width: 521px) 100vw, 521px\" \/><\/figure><\/div>\n\n\n\n<p>Az alapadatokon k\u00edv\u00fcl az al\u00e1bbi adatok kezel\u00e9sre ny\u00edlik m\u00f3d:<\/p>\n\n\n\n<ul class=\"wp-block-list\"><li>C\u00edmek<\/li><li>Mag\u00e1nnyugd\u00edj adatok<\/li><li>Igazolv\u00e1nyok<\/li><li>V\u00e9gzetts\u00e9gek<\/li><li>Bel\u00e9p\u0151k\u00f3dok<\/li><li>El\u00e9rhet\u0151s\u00e9gek<\/li><li>Munkahelyek<\/li><li>K\u00e9pz\u00e9sek<\/li><li>Orvosi vizsg\u00e1latok<\/li><li>Munkak\u00f6r bet\u00f6lt\u00e9s\u00e9hez sz\u00fcks\u00e9ges k\u00f6vetelm\u00e9nyek<\/li><li>\u00d6sszevet\u00e9s &#8211; A modul \u00f6sszeveti a dolgoz\u00f3 kompetenci\u00e1it egy kiv\u00e1lasztott poz\u00edci\u00f3 k\u00f6vetelm\u00e9nyrendszer\u00e9vel. <\/li><li>Munkaruha<\/li><li>Cafeteria kifizet\u00e9sek<\/li><li>Word k\u00e9sz\u00edt\u00e9s &#8211; A modul szolg\u00e1l a formanyomtatv\u00e1nyok k\u00e9sz\u00edt\u00e9s\u00e9re \u00e9s nyomtat\u00e1s\u00e1ra. <\/li><li>Hozz\u00e1tartoz\u00f3k <\/li><li>Munkaszerz\u0151d\u00e9sek<\/li><li>Tervezett\/t\u00e9nyleges k\u00e9pz\u00e9sek<\/li><li>K\u00e9pz\u00e9sen r\u00e9szt vev\u0151k<\/li><li>Elv\u00e9gzett orvosi vizsg\u00e1latok<\/li><li>T\u00e1voll\u00e9tek<\/li><li>Napt\u00e1r \u2013 a dolgoz\u00f3i t\u00e1voll\u00e9tek megjelen\u00edt\u00e9sre<\/li><li>Riportok &#8211; A modul szolg\u00e1l a rendszer be\u00e9p\u00edtett reportjainak futtat\u00e1s\u00e1ra.<\/li><\/ul>\n\n\n\n<h2 class=\"wp-block-heading\">Szabads\u00e1g ig\u00e9nyl\u0151 \u00e9s j\u00f3v\u00e1hagy\u00f3 modul<\/h2>\n\n\n\n<p>A modul a dolgoz\u00f3i szabads\u00e1g ig\u00e9nyl\u00e9sek kezel\u00e9s\u00e9 \u00e9s\nj\u00f3v\u00e1hagy\u00e1s\u00e1ra szolg\u00e1l. R\u00f6gz\u00edthet\u0151 benne az \u00e9ves TB napt\u00e1r \u00e9s a dolgoz\u00f3i\nszabads\u00e1gkeretek.<\/p>\n\n\n\n<div class=\"wp-block-image\"><figure class=\"aligncenter\"><img loading=\"lazy\" decoding=\"async\" width=\"981\" height=\"334\" src=\"http:\/\/regdoc.hu\/wp-content\/uploads\/2019\/01\/K\u00e9pkiv\u00e1g\u00e1s-4.jpg\" alt=\"\" class=\"wp-image-3623\" srcset=\"http:\/\/regdoc.hu\/wp-content\/uploads\/2019\/01\/K\u00e9pkiv\u00e1g\u00e1s-4.jpg 981w, http:\/\/regdoc.hu\/wp-content\/uploads\/2019\/01\/K\u00e9pkiv\u00e1g\u00e1s-4-300x102.jpg 300w, http:\/\/regdoc.hu\/wp-content\/uploads\/2019\/01\/K\u00e9pkiv\u00e1g\u00e1s-4-768x261.jpg 768w\" sizes=\"auto, (max-width: 981px) 100vw, 981px\" \/><\/figure><\/div>\n\n\n\n<p>Felvehet\u0151 a dolgoz\u00f3i szabads\u00e1gterv, \u00e9s ig\u00e9nyelhet\u0151\nszabads\u00e1g, melyet a felettes j\u00f3v\u00e1hagyhat vagy elutas\u00edthat.<\/p>\n\n\n\n<div class=\"wp-block-image\"><figure class=\"aligncenter\"><img loading=\"lazy\" decoding=\"async\" width=\"486\" height=\"388\" src=\"http:\/\/regdoc.hu\/wp-content\/uploads\/2019\/01\/K\u00e9pkiv\u00e1g\u00e1s-5.jpg\" alt=\"\" class=\"wp-image-3624\" srcset=\"http:\/\/regdoc.hu\/wp-content\/uploads\/2019\/01\/K\u00e9pkiv\u00e1g\u00e1s-5.jpg 486w, http:\/\/regdoc.hu\/wp-content\/uploads\/2019\/01\/K\u00e9pkiv\u00e1g\u00e1s-5-300x240.jpg 300w\" sizes=\"auto, (max-width: 486px) 100vw, 486px\" \/><\/figure><\/div>\n\n\n\n<p>A d\u00f6nt\u00e9sr\u0151l a rendszer emailben \u00e9rtes\u00edti a dolgoz\u00f3t.<\/p>\n\n\n\n<h3 class=\"wp-block-heading\">WEBES applik\u00e1ci\u00f3<\/h3>\n\n\n\n<p>Az ig\u00e9nyeket leadni illetve elb\u00edr\u00e1lni a webes applik\u00e1ci\u00f3n\nkereszt\u00fcl is lehet. Ezzel a megold\u00e1ssal mobil eszk\u00f6z\u00f6kr\u0151l (okostelefon, palmtop\nstb.) is el\u00e9rhet\u0151ek a rendszer szolg\u00e1ltat\u00e1sai.<\/p>\n\n\n\n<div class=\"wp-block-image\"><figure class=\"aligncenter\"><img loading=\"lazy\" decoding=\"async\" width=\"781\" height=\"402\" src=\"http:\/\/regdoc.hu\/wp-content\/uploads\/2019\/01\/K\u00e9pkiv\u00e1g\u00e1s-7.jpg\" alt=\"\" class=\"wp-image-3626\" srcset=\"http:\/\/regdoc.hu\/wp-content\/uploads\/2019\/01\/K\u00e9pkiv\u00e1g\u00e1s-7.jpg 781w, http:\/\/regdoc.hu\/wp-content\/uploads\/2019\/01\/K\u00e9pkiv\u00e1g\u00e1s-7-300x154.jpg 300w, http:\/\/regdoc.hu\/wp-content\/uploads\/2019\/01\/K\u00e9pkiv\u00e1g\u00e1s-7-768x395.jpg 768w\" sizes=\"auto, (max-width: 781px) 100vw, 781px\" \/><\/figure><\/div>\n\n\n\n<h2 class=\"wp-block-heading\">CRM modul<\/h2>\n\n\n\n<p>A CRM modul a megrendel\u0151 \u00fcgyf\u00e9lszerz\u0151 tev\u00e9kenys\u00e9g\u00e9t\nt\u00e1mogatja. Nyilv\u00e1ntarthat\u00f3ak a lehet\u0151s\u00e9gek, a poz\u00edci\u00f3k, a tev\u00e9kenys\u00e9gek,\n\u00fctemezhet\u0151ek a feladatok.<\/p>\n\n\n\n<div class=\"wp-block-image\"><figure class=\"aligncenter\"><img loading=\"lazy\" decoding=\"async\" width=\"984\" height=\"713\" src=\"http:\/\/regdoc.hu\/wp-content\/uploads\/2019\/01\/K\u00e9pkiv\u00e1g\u00e1s-8.jpg\" alt=\"\" class=\"wp-image-3627\" srcset=\"http:\/\/regdoc.hu\/wp-content\/uploads\/2019\/01\/K\u00e9pkiv\u00e1g\u00e1s-8.jpg 984w, http:\/\/regdoc.hu\/wp-content\/uploads\/2019\/01\/K\u00e9pkiv\u00e1g\u00e1s-8-300x217.jpg 300w, http:\/\/regdoc.hu\/wp-content\/uploads\/2019\/01\/K\u00e9pkiv\u00e1g\u00e1s-8-768x556.jpg 768w\" sizes=\"auto, (max-width: 984px) 100vw, 984px\" \/><\/figure><\/div>\n\n\n\n<div class=\"wp-block-image\"><figure class=\"aligncenter\"><img loading=\"lazy\" decoding=\"async\" width=\"726\" height=\"463\" src=\"http:\/\/regdoc.hu\/wp-content\/uploads\/2019\/01\/K\u00e9pkiv\u00e1g\u00e1s-9.jpg\" alt=\"\" class=\"wp-image-3628\" srcset=\"http:\/\/regdoc.hu\/wp-content\/uploads\/2019\/01\/K\u00e9pkiv\u00e1g\u00e1s-9.jpg 726w, http:\/\/regdoc.hu\/wp-content\/uploads\/2019\/01\/K\u00e9pkiv\u00e1g\u00e1s-9-300x191.jpg 300w\" sizes=\"auto, (max-width: 726px) 100vw, 726px\" \/><\/figure><\/div>\n\n\n\n<p>A modulban specifikus partnerkezel\u00e9s tal\u00e1lhat\u00f3:<\/p>\n\n\n\n<ul class=\"wp-block-list\"><li>partnerek b\u0151vitett adatai<\/li><li>partner munkat\u00e1rsainak adatai<\/li><li>partnercsoportok l\u00e9trehoz\u00e1sa<\/li><li>partner f\u00fcgg\u0151s\u00e9gek kezel\u00e9se<\/li><li>aj\u00e1nlatok, szerz\u0151d\u00e9sek kezel\u00e9se <\/li><li>projektek kezel\u00e9se<\/li><li>panasz kezel\u00e9s<\/li><li>\u00fczleti t\u00f6rt\u00e9net<\/li><\/ul>\n\n\n\n<h2 class=\"wp-block-heading\">Er\u0151forr\u00e1s \u00fctemez\u00e9s<\/h2>\n\n\n\n<p>A modullal a szervezet er\u0151forr\u00e1sait lehet foglalni, \u00fctemezni.\nfelvehet\u0151ek az emberi \u00e9s anyagi, illetve eszk\u00f6z er\u0151forr\u00e1sok \u00e9s a feladatok. A\nfeladatokhoz lehet rendelni er\u0151forr\u00e1st, az \u00fctk\u00f6z\u00e9seket a rendszer jelzi!<\/p>\n\n\n\n<p>Az er\u0151forr\u00e1s terhel\u00e9st napt\u00e1r n\u00e9zetben is megjelen\u00edti a\nrendszer, ahol a hozz\u00e1rendel\u00e9sek is azonnal elv\u00e9gezhet\u0151ek.<\/p>\n\n\n\n<div class=\"wp-block-image\"><figure class=\"aligncenter\"><img loading=\"lazy\" decoding=\"async\" width=\"854\" height=\"483\" src=\"http:\/\/regdoc.hu\/wp-content\/uploads\/2019\/01\/K\u00e9pkiv\u00e1g\u00e1s-10.jpg\" alt=\"\" class=\"wp-image-3629\" srcset=\"http:\/\/regdoc.hu\/wp-content\/uploads\/2019\/01\/K\u00e9pkiv\u00e1g\u00e1s-10.jpg 854w, http:\/\/regdoc.hu\/wp-content\/uploads\/2019\/01\/K\u00e9pkiv\u00e1g\u00e1s-10-300x170.jpg 300w, http:\/\/regdoc.hu\/wp-content\/uploads\/2019\/01\/K\u00e9pkiv\u00e1g\u00e1s-10-768x434.jpg 768w\" sizes=\"auto, (max-width: 854px) 100vw, 854px\" \/><\/figure><\/div>\n\n\n\n<h2 class=\"wp-block-heading\">G\u00e9pj\u00e1rm\u0171 modul<\/h2>\n\n\n\n<p>A modul seg\u00edts\u00e9g\u00e9vel a c\u00e9g g\u00e9pj\u00e1rm\u0171veit lehet kezelni. <\/p>\n\n\n\n<div class=\"wp-block-image\"><figure class=\"aligncenter\"><img loading=\"lazy\" decoding=\"async\" width=\"659\" height=\"501\" src=\"http:\/\/regdoc.hu\/wp-content\/uploads\/2019\/01\/K\u00e9pkiv\u00e1g\u00e1s-11.jpg\" alt=\"\" class=\"wp-image-3630\" srcset=\"http:\/\/regdoc.hu\/wp-content\/uploads\/2019\/01\/K\u00e9pkiv\u00e1g\u00e1s-11.jpg 659w, http:\/\/regdoc.hu\/wp-content\/uploads\/2019\/01\/K\u00e9pkiv\u00e1g\u00e1s-11-300x228.jpg 300w\" sizes=\"auto, (max-width: 659px) 100vw, 659px\" \/><\/figure><\/div>\n\n\n\n<p>A g\u00e9pj\u00e1rm\u0171vek alapadatain t\u00fal nyilv\u00e1ntarthat\u00f3ak m\u00e9g:<\/p>\n\n\n\n<ul class=\"wp-block-list\"><li>biztos\u00edt\u00e1sok<\/li><li>\u00fczemanyagk\u00e1rtya nyilv\u00e1ntart\u00e1s \u00e9s \u00fczemanyag\nfelhaszn\u00e1l\u00e1s<\/li><li>felszerelts\u00e9g, j\u00e1rm\u0171re kiadott eszk\u00f6z\u00f6k nyilv\u00e1ntart\u00e1sa<\/li><li>enged\u00e9lyek \u2013 behajt\u00e1si enged\u00e9lyek stb.<\/li><li>j\u00e1rm\u0171vel kapcsolatos k\u00f6lts\u00e9gek (szerviz,\nalkatr\u00e9sz stb.)<\/li><\/ul>\n\n\n\n<h2 class=\"wp-block-heading\">Eszk\u00f6z nyilv\u00e1ntart\u00e1s \u00e9s rakt\u00e1roz\u00e1s<\/h2>\n\n\n\n<p>Teljes k\u00f6r\u0171 eszk\u00f6z nyilv\u00e1ntart\u00e1s, korl\u00e1tlan sz\u00e1m\u00fa eszk\u00f6z\nrakt\u00e1r defini\u00e1l\u00e1sa, a mozg\u00e1sok kezel\u00e9se: bev\u00e9telez\u00e9s, kiad\u00e1s, selejtez\u00e9s,\nlelt\u00e1r, kimutat\u00e1sok.<\/p>\n\n\n\n<p>Szervizlap kezel\u00e9s, fel\u00fclvizsg\u00e1latok kezel\u00e9se, hat\u00e1rid\u0151\nfigyel\u00e9s.<\/p>\n\n\n\n<div class=\"wp-block-image\"><figure class=\"aligncenter\"><img loading=\"lazy\" decoding=\"async\" width=\"1024\" height=\"580\" src=\"http:\/\/regdoc.hu\/wp-content\/uploads\/2019\/01\/K\u00e9pkiv\u00e1g\u00e1s-12-1024x580.jpg\" alt=\"\" class=\"wp-image-3631\" srcset=\"http:\/\/regdoc.hu\/wp-content\/uploads\/2019\/01\/K\u00e9pkiv\u00e1g\u00e1s-12-1024x580.jpg 1024w, http:\/\/regdoc.hu\/wp-content\/uploads\/2019\/01\/K\u00e9pkiv\u00e1g\u00e1s-12-300x170.jpg 300w, http:\/\/regdoc.hu\/wp-content\/uploads\/2019\/01\/K\u00e9pkiv\u00e1g\u00e1s-12-768x435.jpg 768w, http:\/\/regdoc.hu\/wp-content\/uploads\/2019\/01\/K\u00e9pkiv\u00e1g\u00e1s-12.jpg 1038w\" sizes=\"auto, (max-width: 1024px) 100vw, 1024px\" \/><\/figure><\/div>\n\n\n\n<h2 class=\"wp-block-heading\">Anyagnyilv\u00e1ntart\u00e1s \u00e9s rakt\u00e1roz\u00e1s<\/h2>\n\n\n\n<p>Teljes k\u00f6r\u0171 anyagnyilv\u00e1ntart\u00e1s, korl\u00e1tlan sz\u00e1m\u00fa eszk\u00f6z\nrakt\u00e1r defini\u00e1l\u00e1sa, a mozg\u00e1sok kezel\u00e9se: bev\u00e9telez\u00e9s, kiad\u00e1s, selejtez\u00e9s,\nlelt\u00e1r, kimutat\u00e1sok.<\/p>\n\n\n\n<p>Automatikus fogy\u00e1s, minimum \u00e9s k\u00edv\u00e1natos k\u00e9szletfigyel\u00e9s,\nautomatikus rendel\u00e9s.<\/p>\n\n\n\n<h2 class=\"wp-block-heading\">Timesheet modul<\/h2>\n\n\n\n<p>Feladatkioszt\u00e1s a dolgoz\u00f3knak, timesheetel\u00e9s t\u00e1mogat\u00e1sa,\nhat\u00e9konys\u00e1g kimutat\u00e1sa.<\/p>\n\n\n\n<p>\u00d3rad\u00edjas, egyedi d\u00edjas \u00e1tal\u00e1nyd\u00edjas tev\u00e9kenys\u00e9gek kezel\u00e9se,\nelsz\u00e1mol\u00e1sa. Havi \u2013 id\u0151szaki &#8211; d\u00edjelsz\u00e1mol\u00e1s k\u00e9sz\u00edt\u00e9se.<\/p>\n\n\n\n<div class=\"wp-block-image\"><figure class=\"aligncenter\"><img loading=\"lazy\" decoding=\"async\" width=\"1024\" height=\"570\" src=\"http:\/\/regdoc.hu\/wp-content\/uploads\/2019\/01\/K\u00e9pkiv\u00e1g\u00e1s-13-1024x570.jpg\" alt=\"\" class=\"wp-image-3632\" srcset=\"http:\/\/regdoc.hu\/wp-content\/uploads\/2019\/01\/K\u00e9pkiv\u00e1g\u00e1s-13-1024x570.jpg 1024w, http:\/\/regdoc.hu\/wp-content\/uploads\/2019\/01\/K\u00e9pkiv\u00e1g\u00e1s-13-300x167.jpg 300w, http:\/\/regdoc.hu\/wp-content\/uploads\/2019\/01\/K\u00e9pkiv\u00e1g\u00e1s-13-768x428.jpg 768w, http:\/\/regdoc.hu\/wp-content\/uploads\/2019\/01\/K\u00e9pkiv\u00e1g\u00e1s-13.jpg 1027w\" sizes=\"auto, (max-width: 1024px) 100vw, 1024px\" \/><\/figure><\/div>\n\n\n\n<p><\/p>\n","protected":false},"excerpt":{"rendered":"<p>Reg-Doc rendszer\u00fcnkbe az eltelt id\u0151szakban sz\u00e1mos implement\u00e1lhat\u00f3 modult fejlesztett\u00fcnk. Sz\u00e1mlakezel\u00e9s \u00e9s j\u00f3v\u00e1hagy\u00e1s Sz\u00e1ml\u00e1z\u00e1s HR modul Szabads\u00e1g ig\u00e9nyl\u00f3 \u00e9s j\u00f3v\u00e1hagy\u00f3 modul CRM modul Er\u0151forr\u00e1s \u00fctemez\u00e9s Eszk\u00f6z nyilv\u00e1ntart\u00e1s \u00e9s rakt\u00e1roz\u00e1s Anyag nyilv\u00e1ntart\u00e1s \u00e9s rakt\u00e1roz\u00e1s Timesheet modul Ezeket a modulokat integr\u00e1lni tudjuk rendszer\u00fcnkbe, kieg\u00e9sz\u00edtve ak\u00e1r a megrendel\u0151 \u00e1ltal megfogalmazott ig\u00e9nyek szerint. A megold\u00e1snak sz\u00e1mos el\u0151nye van: nincsenek kommunik\u00e1ci\u00f3s probl\u00e9m\u00e1k a m\u00e1s-m\u00e1s c\u00e9gek \u00e1ltal fejlesztett r\u00e9sz rendszerek k\u00f6z\u00f6tt, nincsenek az interf\u00e9sz modulok kialak\u00edt\u00e1sra ford\u00edtand\u00f3 plusz k\u00f6lts\u00e9gek, minden adat egyszer ker\u00fcl a rendszerbe, \u00e9s a&hellip;<\/p>\n","protected":false},"author":1,"featured_media":0,"parent":0,"menu_order":0,"comment_status":"closed","ping_status":"closed","template":"","meta":{"footnotes":""},"class_list":["post-3618","page","type-page","status-publish","hentry"],"_links":{"self":[{"href":"http:\/\/regdoc.hu\/index.php?rest_route=\/wp\/v2\/pages\/3618","targetHints":{"allow":["GET"]}}],"collection":[{"href":"http:\/\/regdoc.hu\/index.php?rest_route=\/wp\/v2\/pages"}],"about":[{"href":"http:\/\/regdoc.hu\/index.php?rest_route=\/wp\/v2\/types\/page"}],"author":[{"embeddable":true,"href":"http:\/\/regdoc.hu\/index.php?rest_route=\/wp\/v2\/users\/1"}],"replies":[{"embeddable":true,"href":"http:\/\/regdoc.hu\/index.php?rest_route=%2Fwp%2Fv2%2Fcomments&post=3618"}],"version-history":[{"count":2,"href":"http:\/\/regdoc.hu\/index.php?rest_route=\/wp\/v2\/pages\/3618\/revisions"}],"predecessor-version":[{"id":3635,"href":"http:\/\/regdoc.hu\/index.php?rest_route=\/wp\/v2\/pages\/3618\/revisions\/3635"}],"wp:attachment":[{"href":"http:\/\/regdoc.hu\/index.php?rest_route=%2Fwp%2Fv2%2Fmedia&parent=3618"}],"curies":[{"name":"wp","href":"https:\/\/api.w.org\/{rel}","templated":true}]}}